 tens digit of j(o)?
6
Let h(v) be the third derivative of -v**5/30 - v**4/8 + 5*v**3/6 - 2*v**2. Let q be h(-4). Let k = 43 + q. What is the units digit of k?
8
Let o(v) = 122*v + 6. What is the tens digit of o(1)?
2
Suppose 7*j - 3*j - 40 = 0. Suppose -j + 2 = -4*q. Suppose -3*t + 0 = -g + 17, q*t = 2*g - 50. What is the tens digit of g?
2
Let j(l) = l**2 - 9*l + 8. Let v(q) = 14*q**3 - q**2 - 2*q + 1. Let h be v(1). What is the units digit of j(h)?
4
Let p = -135 - -75. What is the units digit of -371*1/(-5) + 12/p?
4
Let f = -11 + 24. What is the units digit of f?
3
Let i(g) = -g**3 - g**2 + 2*g + 2. Let o be i(-2). Let h(n) = 4 - n - 9 - 2*n + o*n. What is the units digit of h(-9)?
4
What is the hundreds digit of ((-8)/16 + 0 - 19)*-316?
1
Let m be 60/(-75)*(-630)/4. Suppose -2*z + 5*h + m - 29 = 0, 3*z + 5*h - 108 = 0. What is the tens digit of z?
4
Suppose -4*v = v - 415. Let a be ((-10)/6)/((0 - -5)/(-15)). Suppose 4*g - v = a. What is the tens digit of g?
2
Let g = -63 + 65. Suppose -g*n + 149 = -3*t - 0*t, 4*n - 243 = -5*t. What is the tens digit of n?
6
Let g = 649 - 914. Let u = -169 - g. What is the tens digit of u?
9
Suppose -a + 6262 = 3*i - i, -15637 = -5*i + 2*a. What is the hundreds digit of i?
1
Let m(v) = v**2 - 5*v - 1. Let k(r) = -6*r. Let f be k(-1). Let g be m(f). Suppose -3*w = -g*w + 14. What is the units digit of w?
7
Suppose 0 = -0*j + 5*j + 3*q - 1, -2*j - 4*q = 8. Suppose 20 = y - j*t, y = 4*y - 5*t - 55. What is the units digit of 4/y - 46/(-10)?
5
Let b(y) = 31*y + 50. What is the units digit of b(3)?
3
Suppose 13*j - 5*j - 1688 = 0. What is the units digit of j?
1
Suppose -3*d + 9765 = 18*d. What is the tens digit of d?
6
Let r = 1 + 2. Suppose -o = 3*v - 22, 2*v - o = r*o + 38. What is the units digit of v?
9
What is the tens digit of (-130)/(-2)*(-6)/(-2)?
9
Let g(f) = -f - 5. Let k be g(-5). Suppose 2*y - 2*d + 7 - 17 = k, 25 = -3*y - 5*d. Suppose 0*a + 4*a - 4 = y. What is the units digit of a?
1
Let f(t) = -3*t - 2. Let a be f(4). Let x(g) = -12*g + 29. What is the tens digit of x(a)?
9
Suppose -4*l - 101 + 1326 = 5*v, 3*v - 3*l - 708 = 0. Let h = -37 + v. What is the hundreds digit of h?
2
Let l be (58/(-9))/(-2) - 36/162. Suppose -l*z + 377 = -p + 6*p, -133 = -z + 2*p. What is the hundreds digit of z?
1
Let m = -31 - -17. Let n = 11 - m. Suppose -6*k + n = -k. What is the units digit of k?
5
Let q(h) = h**2 - h + 7. Let a be -5 + 2 + 0/(-8). What is the units digit of q(a)?
9
Let t = -80 + 682. What is the tens digit of t?
0
Let d = -392 + 510. What is the tens digit of d?
1
Let c(g) = g**3 + 7*g**2 - 3*g - 31. Let w be c(-7). Let t = 80 + w. What is the units digit of t?
0
Let b(j) = -1 - 5*j**2 - 3*j**2 + j - 5*j**2 + 14*j**2 + 6*j**3. Let y be b(1). What is the units digit of (0/1 - 3) + y?
4
Let c(g) = -63*g**3 + 4*g**2 + 16*g - 6. What is the thousands digit of c(-3)?
1
Let a = 9 - 6. Suppose -a - 2 = -i. Suppose -5*k + 3*k - 20 = -2*j, 5*j + i*k = 30. What is the units digit of j?
8
Suppose 2*b + 10 = 7*b. Suppose -b*q - 13 = -3*q. Let j(o) = o**2 - 12*o - 3. What is the units digit of j(q)?
0
What is the tens digit of (15/(5 - 2) + -783)*-1?
7
Suppose -s + 10*s - 45 = 0. Suppose -s*g + 20*g - 3285 = 0. What is the tens digit of g?
1
Suppose -d + 16 = -3. Suppose -2*l - 16 + 2 = 2*y, 2*y = -3*l - d. What is the units digit of (-5)/2*18/l?
9
Suppose 5*u - 11 = -86. Let q = -11 - u. What is the units digit of q?
4
Suppose 0 = 5*n - 4236 - 1649. What is the units digit of n?
7
Let r = -311 - -619. Suppose 0 = -s + g - 4*g + 343, -s + r = -4*g. What is the tens digit of s?
2
Let r(g) = 20*g**2 + 10*g + 16. Let s be r(-6). Suppose -s = -5*b - 121. What is the units digit of b?
1
Suppose -4*s + 2 + 6 = 0. Let a(t) = 2*t**2 + 1 - s*t**2 - 3*t**2 - 9*t**3 + 3*t**3 - t. What is the tens digit of a(-2)?
3
Suppose 18*j = 54448 + 9596. What is the thousands digit of j?
3
Suppose 2*m - 3*u - 964 = 0, 0 = -m + 4*u + 536 - 54. What is the tens digit of m?
8
Let t be (2 + (-2 - 1))*-1. Suppose -s = -4*w + 2*w - 2, 4*s + 22 = -2*w. What is the tens digit of (2/s)/(t/(-28))?
1
Suppose 5*a - 14066 = -5*p + 969, 5*a + 4*p = 15037. What is the thousands digit of a?
3
Let k(y) = 10*y**3 - 2*y**2 - 2*y + 4. Let z be k(-2). Let w be z/(-28)*21/6. What is the units digit of w/25 - 1164/(-15)?
8
Let c(a) = 4*a + 2*a**2 + 0*a - 2*a + 3*a**3 + a + 2. Let w be c(-3). What is the tens digit of ((-16)/(-10))/((-7)/w)?
1
What is the units digit of (20/18)/(-5) - 1181336/(-468)?
4
Let n = 17 - 7. Let p = -10 + n. Suppose p = 3*h - 94 + 7. What is the units digit of h?
9
What is the tens digit of -4 + 100*-10*(-12)/16?
4
What is the hundreds digit of 4/((-20)/25)*-136?
6
Suppose 2*m - 4*b = -2*m + 68, -4*b = 5*m - 40. Let j = m + -10. What is the units digit of 10 + j*3/(-2)?
7
Let v be (-2)/5 + (-447)/(-5). Let d = v - 46. Let y = -24 + d. What is the units digit of y?
9
Let v be 28*(15/12 + -4). Let s = 111 + v. What is the units digit of s?
4
Let d(i) = 27*i**2 - 17*i**2 - 2*i**3 + i + 1 + 0 - 11*i**2. What is the tens digit of d(-3)?
4
Suppose -125 = 2*d + 5*g - 408, 2*g = -3*d + 397. Suppose 29 - d = -x. What is the hundreds digit of x?
1
Let f(x) = 17*x**2 - 16*x - 117. What is the thousands digit of f(-8)?
1
Suppose 0 = -g + 75*j - 71*j + 994, -3913 = -4*g - 5*j. What is the units digit of g?
2
Let z(c) = 5*c**2 - 17*c + 35. What is the hundreds digit of z(-9)?
5
Let v(c) = -3*c**3 - 18*c**2 - 41*c - 33. Let k(d) = -d**3 - 9*d**2 - 20*d - 16. Let f(s) = -5*k(s) + 2*v(s). What is the units digit of f(10)?
4
Let s = 249 - 31. Suppose 7*f = -s + 1422. What is the units digit of f?
2
Let k(w) = -30*w - 2. Let z(u) = -4*u + 7. Let j be z(2). Let s be k(j). Suppose 0*n = n - s. What is the units digit of n?
8
Let r = -38 - -22. Let k = 18 + r. Suppose 0 = -k*p + 3*l + 21, p + 3*l - 24 = -0*p. What is the units digit of p?
5
Let u be (-2)/(-5) - 115/(-25). Suppose 105 = u*a + 5*d, -52 = -5*a + 3*d + 13. What is the tens digit of a?
1
What is the units digit of (-88)/(-4*(-1)/(-32))?
4
Let i be ((-5)/15)/(2/300*-1). Suppose 0 = 4*s, -6 = -4*c + 2*c - 4*s. Let m = i - c. What is the tens digit of m?
4
Let b = 8789 - 6094. What is the units digit of b?
5
Suppose 0 = 5*z - 4*w - 647, -2*w + 6*w + 12 = 0. Suppose 7 = -3*d - 4*l - l, 0 = 3*d - 2*l - 7. What is the units digit of d/(-7) - z/(-7)?
8
Let r(l) = 24 - 5*l - 2*l**2 - 46 - 2*l**2 - 5*l**3 + 17. What is the tens digit of r(-2)?
2
Let s be -18*(-1)/5 + 21/(-35). Suppose -s*h = -100 - 104. What is the units digit of h?
8
Suppose -14564 - 4565 = -37*d. What is the tens digit of d?
1
Suppose -835 = 6*o - 6865. What is the thousands digit of o?
1
Let j be (-6 - 3 - -4)*(-8)/(-2). Let b = j - -35. What is the tens digit of b?
1
Let d be (298/(-5))/(7/(-35)). Suppose 3*s = -a + 270, -3*s = -a - 40 + d. What is the tens digit of a?
6
Suppose -5*f + q + 2570 = 0, -4*f = -9*f + 2*q + 2570. What is the tens digit of f?
1
Let f = 755 + -413. What is the hundreds digit of f?
3
Let u = -69 - -618. What is the hundreds digit of u?
5
Let h(c) = -4*c + 69. Let s(i) = -i - 1. Let a(q) = h(q) + 6*s(q). What is the tens digit of a(-16)?
2
Let m be -27 - (4/(-2 - 0) - -1). Let y = 8 - m. What is the tens digit of y?
3
Let h(j) = 3*j**2 - 17*j + 1. Suppose -2*r + 14 = -0*r. What is the tens digit of h(r)?
2
Let g(f) = 5*f**3 - 4*f**2 + 31*f - 102. What is the thousands digit of g(9)?
3
What is the hundreds digit of 1745/(12/24*1)?
4
Let n(g) = 103*g**3 + 2*g**2 + 8*g - 27. What is the thousands digit of n(3)?
2
What is the hundreds digit of -1 - -1046 - 23/(92/(-16))?
0
Suppose 2*d - 31 = -d + 4*h, 3*d - 27 = 3*h. Suppose 0 = 4*m - 5*m + 8. Suppose 0 = d*y - m - 7. What is the units digit of y?
3
Let q(p) = -p**3 + 4*p**2 + 14*p - 5. What is the units digit of q(-9)?
2
Let a = -19 - -19. What is the units digit of ((-7)/7)/(a + 2/(-56))?
8
Let y(h) = h**3 + 8*h**2 - 11*h - 10. Let c be y(-9). Let i(d) = -d**3 + 4*d**2 + 6*d + 7. Let p be i(c). What is the tens digit of 2*p/(-6)*1?
6
Let v(l) = l. Let w(p) = 8*p - 1. Let o(m) = -6*v(m) + 2*w(m). What is the tens digit of o(8)?
7
Let y(z) = z**3 - 3*z**2 + 5*z - 10. Let c be y(3). Suppose c*m - 306 = 2*m. Suppose 0 = -o - o + m. What is the units 